{"id":47371,"date":"2023-09-13T14:37:33","date_gmt":"2023-09-13T14:37:33","guid":{"rendered":"https:\/\/sesapack.com.tr\/?page_id=47371"},"modified":"2023-09-13T15:22:10","modified_gmt":"2023-09-13T15:22:10","slug":"laminasyonlu-muayene-masa-ortusu","status":"publish","type":"page","link":"https:\/\/www.ssplastik.com.tr\/index.php\/urunlerimiz\/laminasyonlu-muayene-masa-ortusu\/","title":{"rendered":"Laminasyonlu Muayene Masa \u00d6rt\u00fcs\u00fc"},"content":{"rendered":"\t\t<div data-elementor-type=\"wp-page\" data-elementor-id=\"47371\" class=\"elementor elementor-47371\">\n\t\t\t\t\t\t\t\t\t<section class=\"elementor-section elementor-top-section elementor-element elementor-element-656cee8 elementor-section-boxed elementor-section-height-default elementor-section-height-default tm-col-stretched-none tm-bg-color-over-image\" data-id=\"656cee8\" data-element_type=\"section\">\n\t\t\t\t\t\t<div class=\"elementor-container elementor-column-gap-default\">\n\t\t\t\t\t<div class=\"elementor-column elementor-col-100 elementor-top-column elementor-element elementor-element-e5aecef tm-bg-color-over-image\" data-id=\"e5aecef\" data-element_type=\"column\">\n\t\t\t<div class=\"elementor-widget-wrap elementor-element-populated\">\n\t\t\t\t\t\t\t\t<div class=\"elementor-element elementor-element-41d1db8 elementor-widget elementor-widget-tm-ele-image-gallery\" data-id=\"41d1db8\" data-element_type=\"widget\" data-widget_type=\"tm-ele-image-gallery.skin-style-current-theme1\">\n\t\t\t\t<div class=\"elementor-widget-container\">\n\t\t\t\t<div class=\"tm-sc-gallery tm-sc-gallery-grid grid-5\">\r\n\t\t<!-- Isotope Gallery Grid -->\r\n\t\t<div id=\"gallery-holder-445287\" class=\"isotope-layout grid-5 gutter-15 lightgallery-lightbox\">\r\n\t\t\t<div class=\"isotope-layout-inner\">\r\n\t\t\t\t\r\n\t\t\t\t<!-- the loop -->\r\n\t\t\t\t\t\t\t\t<!-- Isotope Item Start -->\r\n\t\t\t\t<div class=\"isotope-item\">\r\n\t\t\t\t\t<div class=\"isotope-item-inner\">\r\n\t\t\t\t\t\t<div class=\"tm-gallery-item-currenty-style1\">\r\n\t<div class=\"tm-gallery-inner\">\r\n\t\t<div class=\"thumb\">\r\n\t\t\t\t\t\t<img decoding=\"async\" class=\"thumb\" src=\"https:\/\/www.ssplastik.com.tr\/wp-content\/uploads\/2023\/09\/53ed24cd-8df9-47fb-9098-e6ca64cfb7e2-400x532.jpg\" alt=\"\">\r\n\t\t\t\t\t<\/div>\r\n\r\n\t\t    \t<a class=\"btn-more lightgallery-trigger\" data-exthumbimage=\"https:\/\/www.ssplastik.com.tr\/wp-content\/uploads\/2023\/09\/53ed24cd-8df9-47fb-9098-e6ca64cfb7e2.jpg\" title=\"photo\" href=\"https:\/\/www.ssplastik.com.tr\/wp-content\/uploads\/2023\/09\/53ed24cd-8df9-47fb-9098-e6ca64cfb7e2.jpg\"><i class=\"fas fa-chevron-up\"><\/i><\/a>\r\n\t\t\t<\/div>\r\n<\/div>\t\t\t\t\t<\/div>\r\n\t\t\t\t<\/div>\r\n\t\t\t\t<!-- Isotope Item End -->\r\n\t\t\t\t\t\t\t\t<!-- Isotope Item Start -->\r\n\t\t\t\t<div class=\"isotope-item\">\r\n\t\t\t\t\t<div class=\"isotope-item-inner\">\r\n\t\t\t\t\t\t<div class=\"tm-gallery-item-currenty-style1\">\r\n\t<div class=\"tm-gallery-inner\">\r\n\t\t<div class=\"thumb\">\r\n\t\t\t\t\t\t<img decoding=\"async\" class=\"thumb\" src=\"https:\/\/www.ssplastik.com.tr\/wp-content\/uploads\/2023\/09\/097ffc81-8764-4559-940b-9b30e6aeeeaa-400x532.jpg\" alt=\"\">\r\n\t\t\t\t\t<\/div>\r\n\r\n\t\t    \t<a class=\"btn-more lightgallery-trigger\" data-exthumbimage=\"https:\/\/www.ssplastik.com.tr\/wp-content\/uploads\/2023\/09\/097ffc81-8764-4559-940b-9b30e6aeeeaa.jpg\" title=\"photo\" href=\"https:\/\/www.ssplastik.com.tr\/wp-content\/uploads\/2023\/09\/097ffc81-8764-4559-940b-9b30e6aeeeaa.jpg\"><i class=\"fas fa-chevron-up\"><\/i><\/a>\r\n\t\t\t<\/div>\r\n<\/div>\t\t\t\t\t<\/div>\r\n\t\t\t\t<\/div>\r\n\t\t\t\t<!-- Isotope Item End -->\r\n\t\t\t\t\t\t\t\t<!-- Isotope Item Start -->\r\n\t\t\t\t<div class=\"isotope-item\">\r\n\t\t\t\t\t<div class=\"isotope-item-inner\">\r\n\t\t\t\t\t\t<div class=\"tm-gallery-item-currenty-style1\">\r\n\t<div class=\"tm-gallery-inner\">\r\n\t\t<div class=\"thumb\">\r\n\t\t\t\t\t\t<img decoding=\"async\" class=\"thumb\" src=\"https:\/\/www.ssplastik.com.tr\/wp-content\/uploads\/2023\/09\/632b8d53-cccf-42da-92cf-4eae1ebc196d-400x532.jpg\" alt=\"\">\r\n\t\t\t\t\t<\/div>\r\n\r\n\t\t    \t<a class=\"btn-more lightgallery-trigger\" data-exthumbimage=\"https:\/\/www.ssplastik.com.tr\/wp-content\/uploads\/2023\/09\/632b8d53-cccf-42da-92cf-4eae1ebc196d.jpg\" title=\"photo\" href=\"https:\/\/www.ssplastik.com.tr\/wp-content\/uploads\/2023\/09\/632b8d53-cccf-42da-92cf-4eae1ebc196d.jpg\"><i class=\"fas fa-chevron-up\"><\/i><\/a>\r\n\t\t\t<\/div>\r\n<\/div>\t\t\t\t\t<\/div>\r\n\t\t\t\t<\/div>\r\n\t\t\t\t<!-- Isotope Item End -->\r\n\t\t\t\t\t\t\t\t<!-- end of the loop -->\r\n\t\t\t<\/div>\r\n\t\t<\/div>\r\n\t\t<!-- End Isotope Gallery Grid -->\r\n\t<\/div>\r\n\t\t<\/div>\n\t\t\t\t<\/div>\n\t\t\t\t\t<\/div>\n\t\t<\/div>\n\t\t\t\t\t\t\t<\/div>\n\t\t<\/section>\n\t\t\t\t\t\t\t<\/div>\n\t\t","protected":false},"excerpt":{"rendered":"","protected":false},"author":1,"featured_media":0,"parent":47354,"menu_order":0,"comment_status":"closed","ping_status":"closed","template":"","meta":{"footnotes":""},"class_list":["post-47371","page","type-page","status-publish","hentry"],"_links":{"self":[{"href":"https:\/\/www.ssplastik.com.tr\/index.php\/wp-json\/wp\/v2\/pages\/47371","targetHints":{"allow":["GET"]}}],"collection":[{"href":"https:\/\/www.ssplastik.com.tr\/index.php\/wp-json\/wp\/v2\/pages"}],"about":[{"href":"https:\/\/www.ssplastik.com.tr\/index.php\/wp-json\/wp\/v2\/types\/page"}],"author":[{"embeddable":true,"href":"https:\/\/www.ssplastik.com.tr\/index.php\/wp-json\/wp\/v2\/users\/1"}],"replies":[{"embeddable":true,"href":"https:\/\/www.ssplastik.com.tr\/index.php\/wp-json\/wp\/v2\/comments?post=47371"}],"version-history":[{"count":4,"href":"https:\/\/www.ssplastik.com.tr\/index.php\/wp-json\/wp\/v2\/pages\/47371\/revisions"}],"predecessor-version":[{"id":47447,"href":"https:\/\/www.ssplastik.com.tr\/index.php\/wp-json\/wp\/v2\/pages\/47371\/revisions\/47447"}],"up":[{"embeddable":true,"href":"https:\/\/www.ssplastik.com.tr\/index.php\/wp-json\/wp\/v2\/pages\/47354"}],"wp:attachment":[{"href":"https:\/\/www.ssplastik.com.tr\/index.php\/wp-json\/wp\/v2\/media?parent=47371"}],"curies":[{"name":"wp","href":"https:\/\/api.w.org\/{rel}","templated":true}]}}